{"id":528,"date":"2021-11-17T13:15:18","date_gmt":"2021-11-17T16:15:18","guid":{"rendered":"https:\/\/culturaeslava.com\/home\/?page_id=528"},"modified":"2025-03-11T18:23:27","modified_gmt":"2025-03-11T21:23:27","slug":"cursos","status":"publish","type":"page","link":"https:\/\/culturaeslava.com\/home\/cursos\/","title":{"rendered":"Cursos"},"content":{"rendered":"<section class=\"wpb-content-wrapper\"><p>[vc_row][vc_column][vc_column_text]<\/p>\n<h2>Cursos<\/h2>\n<p>O material did\u00e1tico da Cultura Eslava distribui-se por tr\u00eas cursos:<\/p>\n<ul>\n<li>\n<h4>\u0421\u0422\u0410\u0420\u0422 \u2013 START;<\/h4>\n<\/li>\n<li>\n<h4>\u0411\u0410\u0417\u0410 \u2013 BAZA;<\/h4>\n<\/li>\n<li>\n<h4>\u041c\u0410\u042f\u041a \u2013 MA\u00cd\u00c1K.<\/h4>\n<\/li>\n<\/ul>\n<p>[\/vc_column_text][\/vc_column][\/vc_row][vc_row el_id=&#8221;start&#8221;][vc_column][vc_column_text]<\/p>\n<h3>I)\u00a0\u0421\u0422\u0410\u0420\u0422 (pronuncia-se start)<\/h3>\n<h3>N\u00edveis: A+ , A1 e A2<\/h3>\n<p>Start, em russo, quer dizer come\u00e7o, princ\u00edpio. \u00c9 o curso iniciante, para quem est\u00e1 partindo do zero. Pode durar de 14 meses a 28 meses, dependendo do tipo de curso escolhido. (<a href=\"#cargahoraria\">veja aqui a carga hor\u00e1ria<\/a>).[\/vc_column_text][\/vc_column][vc_column width=&#8221;1\/2&#8243;][vc_column_text]<\/p>\n<table class=\"has-nv-site-bg-background-color has-background has-fixed-layout\">\n<thead>\n<tr>\n<th class=\"has-text-align-left\" data-align=\"left\"><strong>Possui 5 livros:<\/strong><\/th>\n<\/tr>\n<\/thead>\n<tbody>\n<tr>\n<td class=\"has-text-align-left\" data-align=\"left\">1 \u2013 \u041a\u0438\u0440\u0438\u043b\u043b \u2013 \u0421ir\u00edlo. Dura\u00e7\u00e3o: de 45 dias a 3 meses;<br \/>\n2 \u2013 \u041d\u0435\u0441\u0442\u043e\u0440 \u2013 Nestor. Dura\u00e7\u00e3o: de 3 meses a 6 meses;<br \/>\n3 \u2013 \u0421\u0432\u044f\u0442\u043e\u0441\u043b\u0430\u0432\u0438\u0447 \u2013 Svyatoslavich. Dura\u00e7\u00e3o: de 3 meses a 6 meses;<br \/>\n4 \u2013 \u041d\u0438\u043a\u0438\u0442\u0438\u043d \u2013 Nikitin. Dura\u00e7\u00e3o: de 3 meses a 6 meses;<br \/>\n5 \u2013 \u0421\u043c\u043e\u0442\u0440\u0438\u0446\u043a\u0438\u0439 \u2013 Smotritsky. Dura\u00e7\u00e3o: de 3 meses a 6 meses.<\/td>\n<\/tr>\n<\/tbody>\n<tfoot>\n<tr>\n<td class=\"has-text-align-left\" data-align=\"left\">L\u00e9xico total: Mais de\u00a0<strong>1000\u00a0<\/strong>palavras.<\/td>\n<\/tr>\n<\/tfoot>\n<\/table>\n<div class=\"component-wrap\"><a class=\"button button-primary\" href=\"https:\/\/culturaeslava.com\/home\/#matricula\">Matricule-se!<\/a><\/div>\n<p>[\/vc_column_text][\/vc_column][vc_column width=&#8221;1\/2&#8243;][vc_single_image image=&#8221;1172&#8243; img_size=&#8221;full&#8221;][\/vc_column][\/vc_row][vc_row full_width=&#8221;stretch_row_content&#8221;][vc_column][vc_separator color=&#8221;black&#8221; border_width=&#8221;3&#8243;][\/vc_column][\/vc_row][vc_row el_id=&#8221;basa&#8221;][vc_column][vc_column_text]<\/p>\n<h3>II)\u00a0<strong>\u0411\u0410\u0417\u0410 (pronuncia-se baza)<\/strong><\/h3>\n<h3>N\u00edveis: A2, B1<\/h3>\n<p>Baza, em russo, quer dizer base. \u00c9 um curso feito para quem j\u00e1 tem um l\u00e9xico m\u00ednimo inicial de 1000 a 1500 palavras e j\u00e1 tem as primeiras no\u00e7\u00f5es iniciais no estudo da l\u00edngua.<\/p>\n<p>Neste curso, o aluno come\u00e7a a trabalhar com o sistema verbal e aprofunda os conhecimentos de declina\u00e7\u00e3o da l\u00edngua russa (casos nominativo, genitivo, acusativo, dativo, prepositivo e instrumental). Pode durar de 12 a 24 meses.[\/vc_column_text][\/vc_column][vc_column width=&#8221;1\/2&#8243;][vc_column_text]<\/p>\n<table class=\"has-nv-site-bg-background-color has-background has-fixed-layout\">\n<thead>\n<tr>\n<th class=\"has-text-align-left\" data-align=\"left\"><strong>Possui 4 livros:<\/strong><\/th>\n<\/tr>\n<\/thead>\n<tbody>\n<tr>\n<td class=\"has-text-align-left\" data-align=\"left\">1 &#8211; \u0415\u043b\u0438\u0437\u0430\u0432\u0435\u0442\u0430 \u2013 Elizabeth. Dura\u00e7\u00e3o: de 3 meses a 6 meses;<br \/>\n2 &#8211; \u041b\u043e\u043c\u043e\u043d\u043e\u0441\u043e\u0432 \u2013 Lomonossov. Dura\u00e7\u00e3o: de 3 meses a 6 meses;<br \/>\n3 \u2013 \u0414\u0430\u0448\u043a\u043e\u0432\u0430 \u2013 Dashkova. Dura\u00e7\u00e3o: de 3 meses a 6 meses;<br \/>\n4 \u2013 \u0414\u0435\u0440\u0436\u0430\u0432\u0438\u043d \u2013 Derzhavin. Dura\u00e7\u00e3o: de 3 meses a 6 meses;<\/td>\n<\/tr>\n<\/tbody>\n<tfoot>\n<tr>\n<td class=\"has-text-align-left\" data-align=\"left\">L\u00e9xico total: De\u00a0<strong>1500<\/strong>\u00a0a\u00a0<strong>2000\u00a0<\/strong>palavras.<\/td>\n<\/tr>\n<\/tfoot>\n<\/table>\n<p>[\/vc_column_text][\/vc_column][vc_column width=&#8221;1\/2&#8243;][\/vc_column][\/vc_row][vc_row full_width=&#8221;stretch_row_content&#8221;][vc_column][vc_separator color=&#8221;black&#8221; border_width=&#8221;3&#8243;][\/vc_column][\/vc_row][vc_row el_id=&#8221;maiak&#8221;][vc_column][vc_column_text]<\/p>\n<h3>III)\u00a0<strong>\u041c\u0410\u042f\u041a (pronuncia-se Mai\u00e1k)<\/strong><\/h3>\n<h3>N\u00edvel:\u00a0 B1<\/h3>\n<p>Mai\u00e1k, em russo, quer dizer farol. Este curso \u00e9 para alunos que j\u00e1 tem um bom l\u00e9xico inicial de comunica\u00e7\u00e3o (de 1500 a 2000 voc\u00e1bulos).<\/p>\n<p>Destina-se a consolidar as no\u00e7\u00f5es de caso (nominativo, genitivo, dativo, acusativo, instrumental e prepositivo), tempo , aspectos verbais e outras especificidades da gram\u00e1tica russa, conduzindo o aluno a um maior n\u00edvel de corre\u00e7\u00e3o gramatical na comunica\u00e7\u00e3o oral e escrita.<\/p>\n<p>Pode durar de 18 meses a 36 meses e meio, dependendo do tipo de curso escolhido.[\/vc_column_text][\/vc_column][vc_column width=&#8221;1\/2&#8243;][vc_column_text]<\/p>\n<table class=\"has-nv-site-bg-background-color has-background has-fixed-layout\">\n<thead>\n<tr>\n<th class=\"has-text-align-left\" data-align=\"left\"><strong>Possui 6 etapas:<\/strong><\/th>\n<\/tr>\n<\/thead>\n<tbody>\n<tr>\n<td class=\"has-text-align-left\" data-align=\"left\">1 \u2013 \u0420\u0430\u0434\u0438\u0448\u0435\u0432 \u2013 Radishev. Dura\u00e7\u00e3o: de 3 meses a 6 meses.<br \/>\n2 \u2013 \u041f\u0443\u0448\u043a\u0438\u043d \u2013 Pushkin. Dura\u00e7\u00e3o: de 3 meses a 6 meses;<br \/>\n3 \u2013 \u0413\u043e\u0433\u043e\u043b\u044c \u2013 Gogol. Dura\u00e7\u00e3o: de 3 meses a 6 meses;<br \/>\n4 \u2013 \u0414\u043e\u0441\u0442\u043e\u0435\u0432\u0441\u043a\u0438\u0439 \u2013 Dostoevsky. Dura\u00e7\u00e3o: de 3 meses a 6 meses;<br \/>\n5 \u2013 \u0422\u043e\u043b\u0441\u0442\u043e\u0439 \u2013 Tolstoy. Dura\u00e7\u00e3o: de 3 meses a 6 meses;<br \/>\n6 \u2013 \u0427\u0435\u0445\u043e\u0432 \u2013 Tchekhov. Dura\u00e7\u00e3o: de 3 meses a 6 meses.<\/td>\n<\/tr>\n<\/tbody>\n<tfoot>\n<tr>\n<td class=\"has-text-align-left\" data-align=\"left\">L\u00e9xico total: Mais de\u00a0<strong>3000\u00a0<\/strong>palavras.<\/td>\n<\/tr>\n<\/tfoot>\n<\/table>\n<div class=\"component-wrap\"><\/div>\n<p>[\/vc_column_text][\/vc_column][vc_column width=&#8221;1\/2&#8243;][\/vc_column][\/vc_row][vc_row full_width=&#8221;stretch_row_content&#8221;][vc_column][vc_separator color=&#8221;black&#8221; border_width=&#8221;3&#8243;][\/vc_column][\/vc_row][vc_row el_id=&#8221;cargahoraria&#8221;][vc_column][vc_column_text]<\/p>\n<h3 id=\"cargahoraria\" class=\"alignwide\"><strong>Carga hor\u00e1ria por curso na modalidade Online:<\/strong><\/h3>\n<p>[\/vc_column_text][\/vc_column][vc_column width=&#8221;1\/3&#8243;][vc_column_text]<\/p>\n<h4 class=\"has-text-align-center\">TIPO I<br \/>\n(positiv\u00a0\u2013 \u043f\u043e\u0437\u0438\u0442\u0438\u0432)<\/h4>\n<hr class=\"wp-block-separator has-text-color has-neve-button-color-color has-css-opacity has-neve-button-color-background-color has-background is-style-default\" \/>\n<p class=\"has-text-align-center\">2 horas-aula por semana de 50 minutos.<br \/>\n\u2013 Livro Start 1 conclu\u00eddo em 3 meses;<br \/>\n\u2013 Livros Start 2, 3, 4, e 5, cada livro conclu\u00eddo em 6 meses;<\/p>\n<p>[\/vc_column_text][\/vc_column][vc_column width=&#8221;1\/3&#8243;][vc_column_text]<\/p>\n<h4 class=\"has-text-align-center\">TIPO II<br \/>\n(reguli\u00e1rny\u00a0 \u2013 \u0440\u0435\u0433\u0443\u043b\u044f\u0440\u043d\u044b\u0439)<\/h4>\n<hr class=\"wp-block-separator has-text-color has-neve-button-color-color has-css-opacity has-neve-button-color-background-color has-background is-style-default\" \/>\n<p class=\"has-text-align-center\">3 horas-aula por semana de 50 minutos.<br \/>\n\u2013 Livro Start 1 conclu\u00eddo em 2 meses;<br \/>\n\u2013 Livros Start 2, 3, 4, e 5, cada livro conclu\u00eddo em 4 meses e meio;<\/p>\n<p>[\/vc_column_text][\/vc_column][vc_column width=&#8221;1\/3&#8243;][vc_column_text]<\/p>\n<div class=\"is-layout-flow wp-block-column is-vertically-aligned-center\">\n<h4 class=\"has-text-align-center\">TIPO III<br \/>\n(pol-ekspress &#8211; \u041f\u041e\u041b-\u042d\u041a\u0421\u041f\u0420\u0415\u0421\u0421)<\/h4>\n<hr class=\"wp-block-separator has-text-color has-neve-button-color-color has-css-opacity has-neve-button-color-background-color has-background is-style-default\" \/>\n<\/div>\n<p class=\"has-text-align-center\">4 horas-aula por semana de 50 minutos.<br \/>\n\u2013 Livro Start 1 conclu\u00eddo em 45 dias;<br \/>\n\u2013 Livros Start 2, 3, 4, e 5,\u00a0 cada livro conclu\u00eddo em 3 meses;<\/p>\n<p>[\/vc_column_text][\/vc_column][\/vc_row][vc_row full_width=&#8221;stretch_row_content&#8221;][vc_column][vc_separator color=&#8221;black&#8221; border_width=&#8221;2&#8243;][\/vc_column][\/vc_row][vc_row][vc_column][vc_column_text]<\/p>\n<h3>Carga hor\u00e1ria por curso na modalidade Presencial:<\/h3>\n<p>[\/vc_column_text][\/vc_column][vc_column width=&#8221;1\/2&#8243;][vc_column_text]<\/p>\n<h4 class=\"has-text-align-center\">TIPO I<br \/>\n(positiv \u2013 \u043f\u043e\u0437\u0438\u0442\u0438\u0432)<\/h4>\n<hr class=\"wp-block-separator has-text-color has-neve-button-color-color has-css-opacity has-neve-button-color-background-color has-background is-style-default\" \/>\n<p class=\"has-text-align-center\">3 horas-aula por semana de 45 minutos.<\/p>\n<p class=\"has-text-align-center\">&#8211; Livro Start 1 conclu\u00eddo em 3 meses;<br \/>\n&#8211; Livros Start 2, 3, 4, e 5, cada livro conclu\u00eddo em 6 meses;<\/p>\n<p>[\/vc_column_text][\/vc_column][vc_column width=&#8221;1\/2&#8243;][vc_column_text]<\/p>\n<h4 class=\"has-text-align-center\">TIPO II<br \/>\n(reguli\u00e1rny \u2013 \u0440\u0435\u0433\u0443\u043b\u044f\u0440\u043d\u044b\u0439)<\/h4>\n<hr class=\"wp-block-separator has-text-color has-neve-button-color-color has-css-opacity has-neve-button-color-background-color has-background is-style-default\" \/>\n<p class=\"has-text-align-center\">4 horas-aula por semana de 45 minutos.<\/p>\n<p class=\"has-text-align-center\">&#8211; Livro Start 1 conclu\u00eddo em 2 meses;<br \/>\n&#8211; Livros Start 2, 3, 4 e 5 conclu\u00eddo em 4 meses e meio;<\/p>\n<p>[\/vc_column_text][\/vc_column][\/vc_row]<\/p>\n<\/section>","protected":false},"excerpt":{"rendered":"<p>[vc_row][vc_column][vc_column_text] Cursos O material did\u00e1tico da Cultura Eslava distribui-se por tr\u00eas cursos: \u0421\u0422\u0410\u0420\u0422 \u2013 START; \u0411\u0410\u0417\u0410 \u2013 BAZA; \u041c\u0410\u042f\u041a \u2013 MA\u00cd\u00c1K. [\/vc_column_text][\/vc_column][\/vc_row][vc_row el_id=&#8221;start&#8221;][vc_column][vc_column_text] I)\u00a0\u0421\u0422\u0410\u0420\u0422 (pronuncia-se start) N\u00edveis: A+ , A1 e A2 Start, em russo, quer dizer come\u00e7o, princ\u00edpio. \u00c9 o curso iniciante, para quem est\u00e1 partindo do zero. Pode durar de 14 meses a&hellip;&nbsp;<a href=\"https:\/\/culturaeslava.com\/home\/cursos\/\" class=\"\" rel=\"bookmark\">Continue a ler &raquo;<span class=\"screen-reader-text\">Cursos<\/span><\/a><\/p>\n","protected":false},"author":2,"featured_media":0,"parent":0,"menu_order":0,"comment_status":"closed","ping_status":"closed","template":"","meta":{"neve_meta_sidebar":"","neve_meta_container":"","neve_meta_enable_content_width":"off","neve_meta_content_width":100,"neve_meta_title_alignment":"","neve_meta_author_avatar":"","neve_post_elements_order":"","neve_meta_disable_header":"","neve_meta_disable_footer":"","neve_meta_disable_title":"on","_joinchat":[]},"aioseo_notices":[],"_links":{"self":[{"href":"https:\/\/culturaeslava.com\/home\/wp-json\/wp\/v2\/pages\/528"}],"collection":[{"href":"https:\/\/culturaeslava.com\/home\/wp-json\/wp\/v2\/pages"}],"about":[{"href":"https:\/\/culturaeslava.com\/home\/wp-json\/wp\/v2\/types\/page"}],"author":[{"embeddable":true,"href":"https:\/\/culturaeslava.com\/home\/wp-json\/wp\/v2\/users\/2"}],"replies":[{"embeddable":true,"href":"https:\/\/culturaeslava.com\/home\/wp-json\/wp\/v2\/comments?post=528"}],"version-history":[{"count":156,"href":"https:\/\/culturaeslava.com\/home\/wp-json\/wp\/v2\/pages\/528\/revisions"}],"predecessor-version":[{"id":1287,"href":"https:\/\/culturaeslava.com\/home\/wp-json\/wp\/v2\/pages\/528\/revisions\/1287"}],"wp:attachment":[{"href":"https:\/\/culturaeslava.com\/home\/wp-json\/wp\/v2\/media?parent=528"}],"curies":[{"name":"wp","href":"https:\/\/api.w.org\/{rel}","templated":true}]}}