{"id":825,"date":"2023-02-06T13:16:00","date_gmt":"2023-02-06T16:16:00","guid":{"rendered":"https:\/\/culturaeslava.com\/home\/index.php\/nosso-metodo-2\/"},"modified":"2023-02-26T18:52:25","modified_gmt":"2023-02-26T21:52:25","slug":"modalidade","status":"publish","type":"page","link":"https:\/\/culturaeslava.com\/home\/modalidade\/","title":{"rendered":"Modalidade"},"content":{"rendered":"\n<div style=\"height:50px\" aria-hidden=\"true\" class=\"wp-block-spacer\"><\/div>\n\n\n\n<h2 style=\"font-size:45px\">Cursos on-line e presenciais<\/h2>\n\n\n\n<div class=\"is-layout-flex wp-container-3 wp-block-columns\">\n<div class=\"is-layout-flow wp-block-column\"><div class=\"wp-block-image\">\n<figure class=\"aligncenter size-full is-resized\"><img decoding=\"async\" loading=\"lazy\" src=\"https:\/\/culturaeslava.com\/home\/wp-content\/uploads\/2021\/11\/provas.png\" alt=\"\" class=\"wp-image-654\" width=\"241\" height=\"170\" srcset=\"https:\/\/culturaeslava.com\/home\/wp-content\/uploads\/2021\/11\/provas.png 481w, https:\/\/culturaeslava.com\/home\/wp-content\/uploads\/2021\/11\/provas-300x212.png 300w\" sizes=\"(max-width: 241px) 100vw, 241px\" \/><\/figure><\/div>\n\n\n<h3 class=\"has-text-align-center\"><a href=\"https:\/\/culturaeslava.com\/home\/index.php\/aula-presencial\/\" data-type=\"page\" data-id=\"530\">Aulas presenciais<\/a><\/h3>\n\n\n\n<hr class=\"wp-block-separator has-text-color has-neve-button-color-color has-css-opacity has-neve-button-color-background-color has-background is-style-default\"\/>\n\n\n\n<p class=\"has-text-align-center has-neve-text-color-color has-text-color\">Abordagem comunicativa , com foco na intera\u00e7\u00e3o e participa\u00e7\u00e3o ativa dos alunos ; o professor \u00e9 um agente facilitador do processo.<\/p>\n<\/div>\n\n\n\n<div class=\"is-layout-flow wp-block-column\"><div class=\"wp-block-image\">\n<figure class=\"aligncenter size-full is-resized\"><img decoding=\"async\" loading=\"lazy\" src=\"http:\/\/culturaeslava.com\/home\/wp-content\/uploads\/2021\/11\/aula-ao-vivo.png\" alt=\"\" class=\"wp-image-375\" width=\"220\" height=\"166\" srcset=\"https:\/\/culturaeslava.com\/home\/wp-content\/uploads\/2021\/11\/aula-ao-vivo.png 603w, https:\/\/culturaeslava.com\/home\/wp-content\/uploads\/2021\/11\/aula-ao-vivo-300x227.png 300w\" sizes=\"(max-width: 220px) 100vw, 220px\" \/><\/figure><\/div>\n\n\n<h3 class=\"has-text-align-center\"><a href=\"https:\/\/culturaeslava.com\/home\/index.php\/aula-online\/\" data-type=\"page\" data-id=\"435\">Aulas Online<\/a><\/h3>\n\n\n\n<hr class=\"wp-block-separator has-text-color has-neve-button-color-color has-css-opacity has-neve-button-color-background-color has-background is-style-default\"\/>\n\n\n\n<p class=\"has-text-align-center\">Ensino remoto, em tempo real, com a qualidade necess\u00e1ria para voc\u00ea aprender russo de onde estiver.<\/p>\n<\/div>\n<\/div>\n","protected":false},"excerpt":{"rendered":"<p>Cursos on-line e presenciais Aulas presenciais Abordagem comunicativa , com foco na intera\u00e7\u00e3o e participa\u00e7\u00e3o ativa dos alunos ; o professor \u00e9 um agente facilitador do processo. Aulas Online Ensino remoto, em tempo real, com a qualidade necess\u00e1ria para voc\u00ea aprender russo de onde estiver.<\/p>\n","protected":false},"author":2,"featured_media":0,"parent":0,"menu_order":0,"comment_status":"closed","ping_status":"closed","template":"","meta":{"neve_meta_sidebar":"","neve_meta_container":"","neve_meta_enable_content_width":"","neve_meta_content_width":0,"neve_meta_title_alignment":"","neve_meta_author_avatar":"","neve_post_elements_order":"","neve_meta_disable_header":"","neve_meta_disable_footer":"","neve_meta_disable_title":"","_joinchat":[]},"aioseo_notices":[],"_links":{"self":[{"href":"https:\/\/culturaeslava.com\/home\/wp-json\/wp\/v2\/pages\/825"}],"collection":[{"href":"https:\/\/culturaeslava.com\/home\/wp-json\/wp\/v2\/pages"}],"about":[{"href":"https:\/\/culturaeslava.com\/home\/wp-json\/wp\/v2\/types\/page"}],"author":[{"embeddable":true,"href":"https:\/\/culturaeslava.com\/home\/wp-json\/wp\/v2\/users\/2"}],"replies":[{"embeddable":true,"href":"https:\/\/culturaeslava.com\/home\/wp-json\/wp\/v2\/comments?post=825"}],"version-history":[{"count":5,"href":"https:\/\/culturaeslava.com\/home\/wp-json\/wp\/v2\/pages\/825\/revisions"}],"predecessor-version":[{"id":966,"href":"https:\/\/culturaeslava.com\/home\/wp-json\/wp\/v2\/pages\/825\/revisions\/966"}],"wp:attachment":[{"href":"https:\/\/culturaeslava.com\/home\/wp-json\/wp\/v2\/media?parent=825"}],"curies":[{"name":"wp","href":"https:\/\/api.w.org\/{rel}","templated":true}]}}